rue
Is 472 a multiple of 28?
False
Is 312 a factor of 68328?
True
Is 8505 a multiple of 27?
True
Does 3 divide 229?
False
Is 92 a factor of 11228?
False
Is 3341 a multiple of 13?
True
Does 5 divide 6018?
False
Does 7 divide 981?
False
Is 24104 a multiple of 46?
True
Is 3355 a multiple of 11?
True
Does 6 divide 18849?
False
Is 327 a multiple of 21?
False
Does 32 divide 328?
False
Is 12 a factor of 24?
True
Does 6 divide 2872?
False
Does 5 divide 2980?
True
Is 3 a factor of 472?
False
Is 10 a factor of 2500?
True
Is 57130 a multiple of 10?
True
Does 6 divide 126?
True
Is 11 a factor of 60434?
True
Is 20 a factor of 1346?
False
Is 24 a factor of 1619?
False
Does 23 divide 460?
True
Is 5106 a multiple of 37?
True
Is 4325 a multiple of 14?
False
Is 1462 a multiple of 6?
False
Is 19017 a multiple of 9?
True
Is 37 a factor of 8315?
False
Does 12 divide 102?
False
Is 14 a factor of 1314?
False
Is 84 a factor of 51469?
False
Is 5436 a multiple of 20?
False
Is 3 a factor of 9387?
True
Is 5 a factor of 105?
True
Is 424 a multiple of 8?
True
Is 20 a factor of 6005?
False
Does 10 divide 709?
False
Does 26 divide 4575?
False
Does 21 divide 1785?
True
Is 90 a multiple of 18?
True
Is 7 a factor of 385?
True
Is 9715 a multiple of 9?
False
Does 20 divide 22457?
False
Does 229 divide 37892?
False
Does 3 divide 6054?
True
Is 45 a factor of 21600?
True
Is 34 a factor of 19310?
False
Is 576 a multiple of 12?
True
Is 9819 a multiple of 196?
False
Does 180 divide 82963?
False
Does 10 divide 40099?
False
Is 4595 a multiple of 40?
False
Is 7 a factor of 738?
False
Is 31 a factor of 759?
False
Does 17 divide 735?
False
Is 1804 a multiple of 11?
True
Is 15 a factor of 64?
False
Does 2 divide 184?
True
Is 689 a multiple of 14?
False
Is 12 a factor of 1020?
True
Does 4 divide 1366?
False
Is 9377 a multiple of 39?
False
Is 2984 a multiple of 8?
True
Is 12 a factor of 4056?
True
Is 55 a factor of 10679?
False
Is 1902 a multiple of 14?
False
Is 28 a factor of 2884?
True
Is 2 a factor of 345?
False
Is 15 a factor of 11700?
True
Is 1067 a multiple of 53?
False
Is 3246 a multiple of 169?
False
Does 21 divide 2289?
True
Is 15 a factor of 5324?
False
Does 29 divide 6090?
True
Does 6 divide 218?
False
Is 25 a factor of 24704?
False
Is 7 a factor of 36868?
False
Is 373 even?
False
Does 11 divide 9938?
False
Is 199 a multiple of 2?
False
Is 14 a factor of 3878?
True
Is 536 a multiple of 40?
False
Does 2 divide 7015?
False
Does 12 divide 61248?
True
Does 13 divide 34975?
False
Does 2 divide 1709?
False
Is 39 a factor of 23902?
False
Does 26 divide 3914?
False
Is 20108 a multiple of 11?
True
Is 59 a factor of 36390?
False
Is 93 a factor of 80799?
False
Is 1820 a multiple of 14?
True
Is 32 a factor of 8405?
False
Does 69 divide 10477?
False
Is 25 a factor of 237?
False
Is 290 a multiple of 10?
True
Is 38226 a multiple of 460?
False
Is 59 a factor of 36961?
False
Is 15 a factor of 601?
False
Is 3031 a multiple of 37?
False
Is 9402 a multiple of 125?
False
Is 738 a multiple of 9?
True
Is 210 a multiple of 30?
True
Is 138312 a multiple of 38?
False
Is 5264 a multiple of 14?
True
Is 113 a factor of 4520?
True
Is 144 a factor of 82206?
False
Is 12987 a multiple of 117?
True
Does 17 divide 3409?
False
Does 11 divide 1362?
False
Does 74 divide 395?
False
Does 92 divide 1196?
True
Is 17555 a multiple of 55?
False
Does 60 divide 1988?
False
Is 13 a factor of 21820?
False
Is 15 a factor of 5637?
False
Does 11 divide 18700?
True
Is 535 a multiple of 7?
False
Is 2 a factor of 92?
True
Is 29420 a multiple of 192?
False
Is 250 a multiple of 8?
False
Is 882 a multiple of 126?
True
Is 2282 a multiple of 14?
True
Is 535 a multiple of 9?
False
Is 8 a factor of 17666?
False
Is 60614 a multiple of 389?
False
Does 4 divide 39?
False
Is 12782 a multiple of 83?
True
Is 17 a factor of 2082?
False
Is 3568 a multiple of 21?
False
Is 24354 a multiple of 22?
True
Is 3800 a multiple of 50?
True
Does 8 divide 1923?
False
Does 14 divide 126?
True
Is 51 a factor of 255?
True
Is 3 a factor of 71?
False
Does 169 divide 10647?
True
Is 114 a multiple of 17?
False
Is 42 a factor of 3013?
False
Is 88 a multiple of 22?
True
Does 10 divide 171?
False
Is 1040 a multiple of 3?
False
Is 3004 a multiple of 17?
False
Is 132 a multiple of 11?
True
Does 6 divide 98?
False
Is 290 a multiple of 29?
True
Is 142 a multiple of 5?
False
Is 7866 a multiple of 46?
True
Does 61 divide 52252?
False
Is 26 a factor of 1742?
True
Is 28747 a multiple of 17?
True
Does 27 divide 37908?
True
Is 18 a factor of 381?
False
Is 2374 a multiple of 12?
False
Is 1528 a multiple of 191?
True
Is 14248 a multiple of 104?
True
Is 67 a factor of 13992?
False
Does 5 divide 3975?
True
Is 109 a factor of 43927?
True
Is 770 a multiple of 70?
True
Is 1768 a multiple of 22?
False
Is 5 a factor of 40?
True
Does 13 divide 891?
False
Does 50 divide 7850?
True
Is 145 a factor of 24795?
True
Is 41 a factor of 4538?
False
Is 466 a multiple of 3?
False
Does 15 divide 59960?
False
Does 22 divide 3938?
True
Is 6 a factor of 3894?
True
Is 7 a factor of 1182?
False
Is 1129 a multiple of 80?
False
Is 1472 a multiple of 16?
True
Is 320 a multiple of 16?
True
Does 4 divide 4548?
True
Is 46 a factor of 3312?
True
Is 220 a multiple of 11?
True
Is 430 a multiple of 43?
True
Is 8 a factor of 2713?
False
Is 19 a factor of 1738?
False
Is 14 a factor of 200?
False
Is 5568 a multiple of 32?
True
Is 151 a factor of 7812?
False
Is 8030 a multiple of 73?
True
Is 40 a factor of 33374?
False
Is 31 a factor of 1345?
False
Is 15 a factor of 270?
True
Does 8 divide 2759?
False
Does 3 divide 374?
False
Is 11 a factor of 616?
True
Is 201 a factor of 5588?
False
Is 15 a factor of 18675?
True
Does 21 divide 3213?
True
Is 12 a factor of 756?
True
Is 4 a factor of 1041?
False
Is 32 a factor of 3232?
True
Is 459 a multiple of 4?
False
Is 3063 a multiple of 48?
False
Does 25 divide 244?
False
Is 53 a factor of 62665?
False
Is 11 a factor of 19122?
False
Does 160 divide 3468?
False
Is 2247 a multiple of 12?
False
Does 21 divide 787?
False
Does 2 divide 3118?
True
Is 3 a factor of 112?
False
Does 17 divide 5323?
False
Is 5 a factor of 970?
True
Does 6 divide 4050?
True
Is 96 a factor of 18374?
False
Is 848 a multiple of 129?
False
Does 6 divide 4140?
True
Does 4 divide 525?
False
Does 14 divide 87?
False
Is 2 a factor of 1341?
False
Does 15 divide 1812?
False
Is 20044 a multiple of 58?
False
Does 28 divide 27132?
True
Does 14 divide 7979?
False
Does 57 divide 8151?
True
Is 24282 a multiple of 142?
True
Is 15 a factor of 5495?
False
Is 13 a factor of 279?
False
Does 7 divide 420?
True
Is 6 a factor of 11428?
False
Is 20 a factor of 5700?
True
Is 1223 a multiple of 50?
False
Is 192 a multiple of 48?
True
Is 3534 a multiple of 93?
True
Does 5 divide 6605?
True
Is 5877 a multiple of 41?
False
Is 21205 a multiple of 277?
False
Is 178556 a multiple of 14?
True
Is 3147 a multiple of 23?
False
Is 71 a factor of 9285?
False
Does 37 divide 376?
False
Is 65 a factor of 1660?
False
Is 5473 a multiple of 51?
False
Does 104 divide 3762?
False
Is 33 a factor of 363?
True
Is 6 a factor of 2310?
True
Does 7 divide 152?
False
Does 10 divide 8060?
True
Is 3234 a multiple of 66?
True
Is 56755 a multiple of 34?
False
Does 7 divide 7?
True
Is 6 a factor of 47?
False
Does 14 divide 1204?
True
Is 22819 a multiple of 58?
False
Is 12 a factor of 19429?
False
Is 1709 a multiple of 34?
False
Does 29 divide 1015?
True
Does 13 divide 241?
False
Does 22 divide 10362?
True
Is 50 a factor of 3555?
False
Is 12 a factor of 56772?
True
Is 3185 a multiple of 13?
True
Is 300 a multiple of 19?
False
Is 7 a factor of 138?
False
Does 183 divide 30561?
True
Is 1503 a multiple of 167?
True
Is 17886 a multiple of 66?
True
Is 1980 a multiple of 44?
True
Is 11615 a multiple of 19?
False
Is 388 even?
True
Is 64 a factor of 128?
True
Is 10 a factor of 1936?
False
Does 25 divide 12750?
True
Is 81 a factor of 1377?
True
Is 1460 a multiple of 10?
True
Is 38 a factor of 639?
False
Is 218 a multiple of 50?
False
Does 10 divide 1441?
False
Does 16 divide 2928?
True
Is 88 even?
True
Is 60120 a multiple of 169?
False
Is 104 a factor of 3120?
True
Is 929 a multiple of 3?
False
Is 84 a factor of 3641?
False
Is 5890 a multiple of 38?
True
Is 2812 a multiple of